t r = -33 + 26. Let t(g) = g**2 + 6*g. Let a be t(r). Suppose 4*h - a = 125. What is the highest common factor of h and 297?
33
Let g(n) = -2*n**3 - 74*n**2 + 13*n + 485. Let m be g(-37). Suppose 0 = -0*q + q - 10. What is the greatest common factor of q and m?
2
Let o = 25 + 15. Let c = 49 - 33. What is the greatest common divisor of c and o?
8
Suppose 5*b + 360 + 365 = 0. Let g = 337 + b. Calculate the highest common factor of g and 24.
24
Let p = 55 - 99. Let q = 134 + -160. Let o = q - p. Calculate the greatest common divisor of o and 198.
18
Suppose -1 = -c - 1. Suppose 4 = -2*h + 14. Suppose -x - h*s + 17 = c, 0 = 2*x - 0*s - s - 12. What is the highest common factor of x and 35?
7
Let l(n) = n**2 - 17*n - 4. Let j be l(16). Let p be (-68)/(-5) + (-8)/j. Calculate the greatest common divisor of p and 35.
7
Let q be ((-270)/(-1 - 1))/(9/6). Suppose -9*k + q = -3*k. Let m(t) = 3*t**2 + 7*t - 5. Let i be m(5). Calculate the greatest common factor of i and k.
15
Let x = 4389 + -4374. Let h be (1 - -9)*(-3)/(-2). Calculate the highest common factor of x and h.
15
Suppose 3*c = -24*c + 324. Let p be (-1 - -8) + (-6 - -7). Calculate the greatest common factor of c and p.
4
Let b = -2 + 9. Let y = 11 - b. Suppose -2*w + 12 + y = 0. Calculate the highest common factor of 16 and w.
8
Let o = 63 - 59. Suppose 20*f - o = 19*f. What is the greatest common divisor of f and 24?
4
Let z be 512900/805 + 8/(-7). What is the greatest common factor of 24 and z?
12
Let b be (12/(-14))/(37/(-6993)). Suppose -3*r + 22 = -32. What is the highest common factor of r and b?
18
Let n(g) = -116*g - 21. Let x be n(-1). Calculate the highest common factor of 10 and x.
5
Suppose 46*g - 35 = 103. Calculate the highest common factor of 288 and g.
3
Suppose -9*u + 10*u = 30. What is the highest common divisor of 60 and u?
30
Suppose 2*l = -3*l - 20. Let o be (6/l)/((-30)/40). What is the highest common factor of o and 3?
1
Suppose 0 = -7*m + 3*m + 160. Suppose 200 = 4*q + q. What is the greatest common divisor of q and m?
40
Suppose -3*o + 271 = -5*k + 87, -o = 5*k - 88. Calculate the highest common divisor of o and 476.
68
Let u be (-28)/(-91) + 9243/169. What is the highest common divisor of 35 and u?
5
Let b = -13 - -19. Suppose -16 = b*m - 190. Let o be (-2)/(1 + -9) - 460/(-16). Calculate the greatest common factor of o and m.
29
Let j(v) = 8*v - 5*v - 7*v**2 - v**3 + 4 + 8*v - 4*v**2. Let l be j(-12). Let t = 96 - 56. What is the highest common factor of t and l?
8
Let p be (75/(-40))/5 + 3180/32. Calculate the highest common divisor of 66 and p.
33
Suppose -2*u + 0*u - 3*z = -54, -2*u = -2*z - 64. What is the greatest common divisor of 24 and u?
6
Let o = -3 + 4. Suppose -q = -5 - o. Suppose -q*i + 3*i + 351 = 0. Calculate the highest common divisor of 13 and i.
13
Let o be 6*(-5)/(-15) - -4. Suppose -r + 38 = 2*t, -o*r + 3*t + 138 = -r. Calculate the highest common factor of r and 3.
3
Let j(l) = 2*l**2 - 7*l - 33. Let c be j(11). Calculate the highest common divisor of 165 and c.
33
Let g(z) be the first derivative of 7*z**2 + 8*z - 40. Let p be g(4). What is the greatest common divisor of 32 and p?
32
Suppose 0 = a - 38 - 149. Calculate the greatest common divisor of 51 and a.
17
Let u be 1375/17 - 25/(5100/(-24)). Calculate the highest common factor of 459 and u.
27
Suppose 0 = -6*q + 51 + 9. Calculate the greatest common divisor of 320 and q.
10
Let g = 845 + -827. What is the greatest common factor of g and 207?
9
Let c be (-3)/(-2*(-3)/(-210)). Let k = 12 - -3. Calculate the highest common divisor of c and k.
15
Let p = 93 - 83. Suppose -p*i + 9*i + 32 = 0. What is the highest common divisor of 40 and i?
8
Suppose 2*x + 20 = -4. Let s be (-2 + 6)*x/(-3). Suppose -4*h = h + 4*q - 780, 5*h - 825 = 5*q. Calculate the greatest common divisor of s and h.
16
Let m = -8 - 5. Let o be -3 + (-28)/20 + (-6)/(-15). Let t be 234/m*2/o. Calculate the greatest common factor of t and 36.
9
Let k be (-14)/(4/(-2))*(0 + (-216)/(-84)). Let m be (2 - -161) + (1 - 2). Calculate the greatest common factor of k and m.
18
Let v be -4 + 63/3 + 3. Suppose 4*c = -c + v. Let r(m) = m**2 + 7*m - 7. Let w be r(-8). What is the highest common factor of c and w?
1
Let i = -73 - -121. Let b = -9 + 11. Let y = b + 30. What is the greatest common divisor of i and y?
16
Let a = 11 + 5. Calculate the highest common divisor of 128 and a.
16
Let n be -2 + 1 - (-1 - -12). Let p = 26 + n. Let r be (-21)/p*(-28)/6. What is the greatest common divisor of r and 63?
7
Suppose -85*y + 624 = -79*y. What is the greatest common divisor of y and 26?
26
Let a = 1792 + -1528. Calculate the greatest common divisor of 24 and a.
24
Let j(c) = -c**3 + 14*c**2 - 27*c + 24. Let m be j(10). Let v = 14 - 28. Let g be (-192)/v + (-6)/(-21). Calculate the greatest common factor of g and m.
14
Let x = 2 + 5. Let y be 4 - 138/(-4)*8. Suppose d + y = 11*d. What is the greatest common divisor of x and d?
7
Let s be (-14 - -2)/(-1) - 1. Suppose 0 = -g + 4*g - 66. Suppose -i = -g - 11. What is the greatest common factor of i and s?
11
Suppose 0 = y - 5 - 0. Suppose 10*x - y*x + 5*d + 20 = 0, 5*d = 5*x + 50. Let a = 23 + x. Calculate the greatest common factor of 112 and a.
16
Let n be 1*((-52)/(-5) + 16/(-40)). What is the greatest common divisor of 40 and n?
10
Let l be (8/6)/(16/24). Suppose -3*j - 5*k = -92, l*j = k - 4*k + 62. Suppose 5*u = 52 + 33. Calculate the highest common factor of j and u.
17
Let m = -292 - -295. Calculate the highest common divisor of 33 and m.
3
Suppose 2*v + 3*v - 700 = 0. Suppose 10*c - 180 - v = 0. Calculate the highest common factor of c and 16.
16
Let y be (-3)/((-3)/4 + 0). Suppose -y*l = -2*s + 58, 33 = s + 3*l + 9. What is the highest common divisor of 243 and s?
27
Let j be 42/3*8/28. Let b be 4/j + 17*9. Let f be 33/9*12/2. Calculate the highest common factor of b and f.
22
Let q = -11 - -83. Suppose 0 = 5*h + 27 - q. Suppose 0 = -4*j + r + 97 + 47, 2*j + 2*r - 72 = 0. Calculate the highest common divisor of j and h.
9
Let c(f) = 4 + 4*f - 1 + 4 + f**2. Let m be c(-5). Let b be (-6 + -2)/(2 + -3). What is the greatest common factor of m and b?
4
Suppose b = -5*w - 0*w + 1052, -2*w = 3*b - 426. What is the highest common factor of 126 and w?
42
Let j = -165 + 1998. What is the highest common divisor of 39 and j?
39
Suppose -3*a = -2*g - 40 + 207, 3*g - 276 = -4*a. Calculate the highest common divisor of 16 and g.
8
Let y be (18/8)/(15/40). Suppose -y*g + 12 = -3*g. Suppose -g*f + 164 + 92 = 0. What is the greatest common divisor of f and 8?
8
Suppose -5 = 5*c, d + 2*c + 15 - 14 = 0. What is the greatest common divisor of d and 11?
1
Let f(c) = 5*c. Let z be f(0). Suppose 0 = 2*v - 5*d - 16, -2*v - 5*d + 56 = z. Calculate the highest common divisor of v and 12.
6
Let b = 15 - 15. Suppose b = -3*d - 2*a + 35, -2*d = 2*a - 3*a - 35. Let x be -2*4/(16/(-270)). What is the highest common divisor of d and x?
15
Suppose g - 4*i = 33, -2*i = 2*g + i - 11. Let c(f) = -3*f**3 - 5*f**2 - 8. Let z be c(-4). Calculate the greatest common divisor of g and z.
13
Let r be 76/3 - 1/3. Suppose 2*h - 5 = 3*p + 2*p, h = -5*p + 25. Calculate the greatest common divisor of r and h.
5
Let x = 565 - 561. Calculate the highest common divisor of x and 36.
4
Let v = 461 - 11. What is the highest common divisor of v and 36?
18
Let a = 52 + -19. Let p = 52 - a. What is the highest common factor of p and 152?
19
Let d = 90 + -118. Let a be (-8)/d + (-187)/(-7). Calculate the highest common factor of 135 and a.
27
Let n be (0 + 2)*(-15)/(-6). Suppose 0 = 2*z + n*w + 13, -3*w + w = -5*z - 76. Let d = z - -30. Calculate the greatest common divisor of 128 and d.
16
Let p(o) = -35*o**3 + o**2 + 2*o. Suppose -6 + 11 = -5*f. Let x be p(f). Let v be (2/3)/((-2)/(-510)). What is the greatest common divisor of x and v?
34
Let a = 35 - -45. Let m be ((-60)/(-9))/(3 - (-7)/(-3)). Calculate the highest common divisor of a and m.
10
Let p be (6/(-4))/((-3)/(-4)). Let o be (8/3)/(p/(-3)). Calculate the highest common divisor of o and 12.
4
Let f(d) = d**2 + 7*d - 44. Let m be f(26). What is the greatest common factor of m and 148?
74
Let p = 134 + -130. Suppose -3*h = -p*f + 2*f - 18, 5*f = 3*h - 18. Calculate the greatest c